e highest common factor of 924 and 8484.
84
What is the highest common divisor of 100 and 1360295500?
100
Calculate the highest common divisor of 810 and 87091470.
270
Calculate the greatest common divisor of 165989 and 23526.
1307
What is the greatest common divisor of 2395 and 112818870?
2395
Calculate the highest common divisor of 96452 and 500.
4
Calculate the highest common factor of 53 and 79394.
53
What is the greatest common divisor of 1409905 and 7665?
35
Calculate the greatest common factor of 7230964 and 126940.
2308
Calculate the greatest common divisor of 1199 and 9153493.
109
Calculate the highest common factor of 124240 and 205840.
80
What is the highest common divisor of 2084 and 3308350?
1042
Calculate the greatest common divisor of 92 and 28509167.
23
Calculate the greatest common factor of 706263 and 7.
1
What is the greatest common divisor of 9 and 762358?
1
What is the highest common divisor of 400 and 40101570?
10
Calculate the greatest common factor of 10117679 and 1001.
143
Calculate the greatest common divisor of 16647 and 9579.
93
What is the highest common divisor of 233035 and 2574?
11
Calculate the highest common divisor of 536969 and 5633.
131
Calculate the highest common factor of 28 and 146831678.
14
Calculate the greatest common divisor of 8912 and 603231.
557
What is the highest common divisor of 7 and 113829177?
7
What is the greatest common factor of 58807 and 32791?
271
Calculate the greatest common factor of 2116025 and 2014.
53
Calculate the greatest common divisor of 6923 and 782.
23
Calculate the greatest common factor of 114660 and 9945.
585
Calculate the highest common factor of 67 and 943427.
67
What is the highest common divisor of 34863 and 15?
3
Calculate the greatest common factor of 4724 and 73094452.
4724
What is the greatest common factor of 8793796 and 20207?
121
What is the greatest common divisor of 2443 and 3116974840?
2443
Calculate the highest common factor of 254925 and 310442.
1133
Calculate the greatest common factor of 410 and 622355.
5
What is the highest common divisor of 9563884 and 176?
44
Calculate the highest common divisor of 1066530 and 108040.
730
Calculate the highest common divisor of 50465 and 2245.
5
Calculate the greatest common divisor of 41715807 and 2499.
2499
What is the highest common factor of 4206 and 57884374?
1402
Calculate the highest common factor of 662 and 1087336.
2
Calculate the highest common factor of 7548810 and 5115.
465
Calculate the highest common factor of 232687 and 49595.
91
Calculate the greatest common divisor of 377 and 222448444.
29
What is the greatest common factor of 201607972 and 1272?
212
What is the highest common factor of 77810 and 148180?
310
What is the greatest common factor of 6237 and 23112243?
2079
What is the highest common factor of 33 and 23331473?
11
What is the greatest common factor of 1130 and 304691505?
565
What is the greatest common factor of 22855 and 947870?
35
Calculate the highest common divisor of 766 and 2614358.
766
What is the highest common divisor of 36 and 21542607?
9
Calculate the greatest common factor of 2793 and 46113.
57
Calculate the highest common factor of 10 and 235569860.
10
What is the greatest common factor of 5287942 and 33?
11
What is the greatest common divisor of 596 and 340416277?
149
What is the highest common divisor of 946 and 273801?
11
What is the greatest common factor of 866810 and 248087?
2989
Calculate the highest common factor of 32604 and 37073712.
2964
Calculate the highest common factor of 422524 and 36500.
292
Calculate the highest common divisor of 4468831 and 21132.
587
What is the greatest common divisor of 4634 and 2908724?
14
Calculate the highest common factor of 45357972 and 2871.
957
What is the greatest common factor of 30515122 and 43?
43
Calculate the highest common factor of 22753936 and 8240.
1648
Calculate the greatest common factor of 136833956 and 56.
28
What is the highest common divisor of 494784 and 7744?
64
What is the highest common divisor of 180 and 4353960?
60
What is the highest common factor of 11564 and 341492?
236
Calculate the greatest common divisor of 5890542 and 1009.
1009
What is the greatest common divisor of 67647410 and 152?
38
What is the greatest common factor of 689083 and 638611?
701
Calculate the highest common factor of 24410548 and 111664.
3988
Calculate the highest common divisor of 35 and 24243595.
5
Calculate the highest common factor of 124938698 and 15742.
926
What is the highest common factor of 29280 and 252235?
305
What is the greatest common factor of 564650 and 35570?
10
Calculate the highest common factor of 165675 and 600.
75
What is the greatest common divisor of 482392 and 4726?
34
What is the greatest common factor of 9957270 and 120?
30
Calculate the greatest common divisor of 772706 and 4.
2
What is the highest common factor of 954087 and 16647?
93
What is the highest common divisor of 2916 and 3431268?
108
Calculate the greatest common factor of 353324205 and 1395.
1395
What is the highest common factor of 96065376 and 792?
264
What is the highest common factor of 3607626 and 198?
66
What is the highest common factor of 12390 and 5109990?
1770
What is the greatest common divisor of 106 and 29829301?
53
What is the greatest common divisor of 256500 and 197400?
300
What is the highest common factor of 2570365 and 484995?
1085
Calculate the greatest common factor of 11437270 and 1170.
130
Calculate the greatest common divisor of 3354696 and 83328.
744
What is the greatest common divisor of 99626670 and 78?
78
Calculate the greatest common factor of 543368452 and 132.
44
Calculate the greatest common factor of 235191 and 16698.
33
What is the greatest common divisor of 17 and 10603393?
17
Calculate the highest common divisor of 11823020 and 451.
11
What is the highest common divisor of 6440 and 18500510?
1610
Calculate the greatest common factor of 433014849 and 108.
27
Calculate the greatest common factor of 670448390 and 6670.
6670
Calculate the greatest common factor of 10835019 and 189.
27
What is the highest common factor of 796015 and 3817715?
2255
Calculate the greatest common factor of 626313270 and 70.
10
Calculate the greatest common factor of 24274 and 10445148.
458
What is the highest common factor of 104606 and 14634?
542
What is the highest common divisor of 12470412 and 186711?
1569
Calculate the greatest common divisor of 8653 and 1216129.
17
Calculate the highest common factor of 2854467 and 11088.
693
Calculate the greatest common factor of 28637184 and 2054.
158
Calculate the greatest common factor of 23406336 and 48.
48
Calculate the highest common divisor of 2084005 and 31185.
385
What is the greatest common factor of 445075 and 139613?
937
Calculate the greatest common divisor of 4956205 and 1.
1
What is the highest common divisor of 1887 and 10907931?
51
What is the highest common factor of 1179 and 20943232?
131
Calculate the highest common divisor of 4635139 and 269.
269
What is the greatest common divisor of 42457681 and 1659?
553
Calculate the greatest common divisor of 2250955 and 7665.
2555
What is the highest common factor of 5172222 and 561?
33
What is the highest common factor of 19270 and 17530?
10
What is the highest common divisor of 3795 and 370320?
15
Calculate the highest common factor of 122 and 179934323.
61
Calculate the highest common factor of 423704413 and 2967.
989
What is the highest common factor of 57476048 and 266?
14
What is the greatest common factor of 14948798 and 332?
166
Calculate the greatest common factor of 5 and 10107664.
1
What is the highest common factor of 143658 and 5094?
18
Calculate the highest common divisor of 2133 and 4252649.
79
What is the highest common divisor of 1403 and 262246?
23
What is the greatest common factor of 422170 and 3110590?
2590
What is the highest common factor of 12 and 154602468?
12
What is the highest common divisor of 181443 and 465?
93
Calculate the greatest common divisor of 65567 and 7824455.
379
Calculate the highest common divisor of 995119992 and 1458.
1458
What is the greatest common factor of 3568044834 and 1227?
1227
What is the highest common divisor of 108273 and 2986764?
561
Calculate the highest common divisor o